9. Calculate the remainder when f is divided by 8.
6
Let h = -37 - -48. Suppose 2*a = -q + 40, 103 = 5*a - q + 2*q. What is the remainder when a is divided by h?
10
Let w = 24 + -12. Calculate the remainder when (-4 + -81)*(3 + (-68)/20) is divided by w.
10
Let v = -1 + 7. Suppose 24 = 2*h - 18. Calculate the remainder when h is divided by v.
3
Let h(q) = q**2 - 7*q + 7. Suppose 58 = -3*v + 5*v. What is the remainder when v is divided by h(8)?
14
Suppose 2*s - 2*p - 11 = 33, -5*p - 70 = -3*s. Suppose -h + 3*h - s = 0. Calculate the remainder when 39 is divided by 1*-4*h/(-4).
9
Suppose 0 = -3*a - z + 47, 3*a - 3*z = -0*z + 27. Calculate the remainder when 54 is divided by a.
12
Let o(h) = 7*h - 18. What is the remainder when 45 is divided by o(6)?
21
Suppose 0 = -2*m + 2, 4*m - 5 = -3*b + 2*m. Let h be ((-102)/(-15))/(b/15). Let d = h + -61. What is the remainder when d is divided by 11?
8
Let w be ((-14)/(-4))/((-1)/(-2)). Suppose 0 = -i - w + 19. Suppose i = p + 3*p. Calculate the remainder when 4 is divided by p.
1
Suppose 9*d = 378 + 468. What is the remainder when d is divided by 12?
10
Let h = 9 - -15. Let u(w) = w**3 - 17*w**2 + 33*w - 31. What is the remainder when h is divided by u(15)?
10
Suppose 8 = 3*c - 7. Suppose c*v - 70 = -5*w, v = w + w - 16. What is the remainder when (-426)/(-10) + 4/w is divided by 15?
13
Suppose 36*z - 458 - 1162 = 0. What is the remainder when z is divided by ((-4)/(-6))/(2/36)?
9
Let m(d) = -d**3 - d**2 + 1. Let p be m(1). Let f(o) = -3 - 4*o + 6 - 2. Calculate the remainder when 13 is divided by f(p).
3
Suppose -4*g - 106 = -6*d + d, g = -5*d + 86. Let q = 96 - 43. Calculate the remainder when q is divided by d.
17
Suppose 0 = -5*i + a - 2*a + 16, -13 = -4*i - a. What is the remainder when 5 is divided by i?
2
Suppose -41 = 3*o - 2*c, -8*c = 4*o - 3*c + 93. Let n = -2 - o. Calculate the remainder when n is divided by ((-42)/(-15) - 2)*10.
7
Let m(o) = o + 9. Suppose 3*y - 3 - 3 = 0. Suppose -y*c - 7 = -55. What is the remainder when c is divided by m(0)?
6
Let f(i) = 31*i**2 + i + 1. Let h be f(-1). Calculate the remainder when (3*(-1)/(-2))/(6/40) is divided by (-1)/5 - h/(-5).
4
Let m = -131 + 184. What is the remainder when m is divided by 18?
17
Suppose 3*f - 41 = -11. Suppose -3*o = -5*n - 26, -n - 3 - 1 = 0. Suppose 4*m = o*t - 64, -m = -0*t + 5*t - 138. Calculate the remainder when t is divided by f.
8
Suppose -2*i = -n - 93, -2*n + 3 = -7. What is the remainder when i is divided by 25?
24
Suppose 3*l - 5*l = 0. Suppose l = -0*i - 2*i + 10. Suppose -35 = -i*g + 70. What is the remainder when g is divided by 11?
10
Let r(o) = o**3 + 10*o**2 + 9*o + 14. Let l be r(-9). Suppose 174 = -11*z + l*z. Calculate the remainder when z is divided by 15.
13
Let n(v) = 5*v**3 + 1. What is the remainder when 28 is divided by n(1)?
4
Let k = 1330 + -1314. Let g(v) = 2*v + 7. Let p be g(-5). Let a = 3 - p. Calculate the remainder when k is divided by a.
4
Let l = 98 + -58. Calculate the remainder when l is divided by 11.
7
Let a = -21 + 12. Let d(n) = -n**2 - 11*n - 11. Let h be d(a). Suppose 33 = h*j - 4*j. Calculate the remainder when j is divided by 6.
5
What is the remainder when 8/(32/(-20)) - -20 is divided by (-4)/2*(-2 + 0)?
3
Let c = 132 - 126. What is the remainder when c is divided by 2/6 - 11/(-3)?
2
Let b(d) = 21*d**3 + d**2 - 1. What is the remainder when 145 is divided by b(1)?
19
Let y be 0/((9/(-3))/(-3)). Let f = 7 - y. Calculate the remainder when 12 is divided by f.
5
Suppose -2*x - 4 = -2*z + 124, -25 = -5*x. What is the remainder when z is divided by 6?
3
Suppose -m - 2*h = 23, 2 = h + 6. Calculate the remainder when (-45)/(-1)*(-10)/m is divided by 8.
6
Suppose 28*r - 32*r + 140 = 0. Calculate the remainder when r is divided by 20.
15
Let b(u) = -u**3 - 13*u**2 - 2*u - 10. What is the remainder when 31 is divided by b(-13)?
15
Let z be 1 - 4/(-2) - -2. Suppose -6 = -3*y - 0*y. Calculate the remainder when 133/z + y/5 is divided by 7.
6
Let y be (1 - 1)/(1/(-1)). Suppose 0 = -2*b + 3*q + 25, -2*b + y*q + 5*q = -19. Calculate the remainder when b is divided by 5.
2
Calculate the remainder when (40 - -7) + (-1 - -1) is divided by 25.
22
Suppose 7*j - 12 = 3*j. What is the remainder when 10 is divided by j?
1
Let f(w) = -3 + w**2 - 5*w + w + 0*w. Let k be f(5). Suppose 4*t = -2*y + 186, -k*y - 5 = -7*y. What is the remainder when t is divided by 16?
14
Let u(q) = -q**2 - 7*q + 7. Let v = -73 + 111. Calculate the remainder when v is divided by u(-6).
12
Let o(u) be the second derivative of -2*u**3/3 + 3*u**2/2 - 2*u. What is the remainder when 106 is divided by o(-6)?
25
Suppose -2*g = -2*v + 34, -2*g - 76 = -7*v + 3*v. Let h(l) = 2*l**2 - 16*l - 5. Calculate the remainder when h(11) is divided by v.
19
Let v(n) = 2*n**2 + 9*n + 5. Calculate the remainder when v(-6) is divided by 8.
7
Let h(q) = q**2 - 10*q - 24. Calculate the remainder when h(13) is divided by 3.
0
Suppose -2*u = 5*b + 2*u - 77, -2*b + 28 = 3*u. Calculate the remainder when 32 is divided by b.
15
Let t be (12/14)/((-4)/(-28)). Let y be 10/(-4)*t/(-5). Suppose -106 = -5*d + 4*p, 2*d = -y*d + p + 94. What is the remainder when 34 is divided by d?
16
Suppose -7*k - 81 = -116. What is the remainder when ((-17)/(-3))/(1/3) is divided by k?
2
Suppose 9*i - 4*i - 180 = 0. Suppose i = o - 5*k, 6*o = o + 5*k + 120. Calculate the remainder when o is divided by 6.
3
Let o(k) be the first derivative of k**3/3 + 3*k**2/2 - 11*k - 3. Suppose -4*v + 41 + 3 = 0. Calculate the remainder when o(-9) is divided by v.
10
Suppose -2*h = -4*w + 2*w + 24, 5*w - 70 = -5*h. What is the remainder when 47 is divided by w?
8
Let k(x) be the first derivative of 17*x**3/3 + x**2/2 - 2. Let l(z) = -z**3 + 2. Calculate the remainder when k(1) is divided by l(-2).
8
What is the remainder when 1 is divided by 7/6 + (-5)/30?
0
Let l = -94 - -139. Let c = l - 32. Calculate the remainder when 35 is divided by c.
9
Suppose 5*z = -4*j + 230, 62 = 3*z - 3*j - 49. What is the remainder when 123 is divided by z?
39
Let d be (-6)/(-8) + (-8)/(-32). Suppose 12 = -0*x + 4*x. Let p = x + d. Calculate the remainder when 11 is divided by p.
3
Suppose -14*i + 40*i = 1794. What is the remainder when i is divided by 18?
15
Suppose 4*v + 13 = 49. What is the remainder when 15 is divided by v?
6
Let x(g) = -2*g**3 + 3*g**2 + 2*g + 1. Let d be x(3). Let f = 34 + d. Calculate the remainder when f is divided by 8.
6
Let g(l) = l**3 - 2*l**2 + l - 1. Calculate the remainder when g(3) is divided by 6.
5
Suppose -2*b + 6*b = 12, -b + 30 = 3*q. Suppose q*k = 7*k + 10. Calculate the remainder when 8 is divided by k.
3
Let g(d) = -18*d + 3. Calculate the remainder when 39 is divided by g(-1).
18
Let u(q) = -q**3 + 6*q**2 - 5*q + 16. What is the remainder when u(5) is divided by 2*((2 - 1) + 2)?
4
Let v be 2/(-3) + (-104)/(-3). Let s = 37 - 19. Let o = v - s. What is the remainder when 46 is divided by o?
14
Let u(r) = 2*r + 4. Let i be u(3). Let s = i + 8. What is the remainder when 53 is divided by s?
17
Suppose 2 = -4*k + 6*k. Suppose -2*g + 1 = x, 4*g - 2*x + x - 5 = 0. What is the remainder when g is divided by k?
0
Suppose 0 = -f - f. Suppose f = -l - 3*l + 84. Suppose -82 = -h - h. What is the remainder when h is divided by l?
20
Suppose -157 = -3*l + 17. Calculate the remainder when l is divided by 30.
28
Let z = 0 - -19. Let g = 36 - -20. Calculate the remainder when g is divided by z.
18
What is the remainder when 83 is divided by (-7)/(7/(-2) - -3)?
13
Let l be ((-8)/6)/((-12)/18). Suppose l*k + 12 = 3*k. What is the remainder when 22 is divided by k?
10
Suppose -135 = -5*m - 8*f + 3*f, 2*m - 19 = 5*f. Calculate the remainder when 85 is divided by m.
19
Let s = 3 - -5. What is the remainder when 21 is divided by s?
5
Let b = 122 + -62. Calculate the remainder when b is divided by 13.
8
Suppose -2*y + 4 = 0, 3*y = b + b - 244. Let i = b + -58. Calculate the remainder when i is divided by 23.
21
Suppose -3*g + 0*g = -3. Let t = -7 - -8. Calculate the remainder when t is divided by g.
0
Let h = -34 + 60. What is the remainder when 49 is divided by h?
23
What is the remainder when ((-31)/(-2))/(15/6)*5 is divided by 11?
9
Let n = -134 - -162. Calculate the remainder when 105 is 